 30?
False
Is 834 a factor of 54652701?
False
Is 238 a factor of 31063522?
True
Does 27 divide 266701503?
False
Is 40106599 a multiple of 26?
False
Does 1384 divide 510132712?
True
Does 2 divide 14896297?
False
Is 148 a factor of 19082045?
False
Is 487370520 a multiple of 2808?
True
Is 29 a factor of 466175?
True
Is 2074118967 a multiple of 250?
False
Does 19 divide 1934920860?
True
Is 40 a factor of 72345760?
True
Is 18 a factor of 1065759238?
False
Does 234 divide 895886263?
False
Is 223 a factor of 5364265?
True
Is 119150447 a multiple of 494?
False
Is 29097319 a multiple of 161?
False
Does 9 divide 804523192?
False
Does 476 divide 39029482?
False
Does 512 divide 2084049408?
True
Is 158834480 a multiple of 245?
True
Is 12 a factor of 19078944?
True
Is 2 a factor of 401939680?
True
Is 18 a factor of 20154236?
False
Does 33 divide 12592041?
True
Does 240 divide 1103140808?
False
Does 894 divide 10073592?
True
Is 28174524 a multiple of 84?
True
Is 3363553 a multiple of 97?
False
Does 14 divide 473115670?
False
Does 6 divide 28441794?
True
Does 414 divide 867716973?
False
Is 12865544 a multiple of 8?
True
Does 13 divide 116487524?
False
Is 53034225 a multiple of 5?
True
Is 644 a factor of 63757648?
False
Is 17382928 a multiple of 4?
True
Is 167769784 a multiple of 26?
True
Does 1052 divide 410639057?
False
Does 44 divide 133408306?
False
Is 188862050 a multiple of 25?
True
Is 44393940 a multiple of 18?
True
Is 1638 a factor of 4104636429?
False
Is 61 a factor of 35603919?
False
Is 181692968 a multiple of 9?
False
Is 238739934 a multiple of 114?
False
Is 39652782 a multiple of 407?
False
Does 208 divide 123462352?
True
Is 201459906 a multiple of 6?
True
Does 74 divide 149514845?
False
Is 3156 a factor of 114319788?
True
Is 58 a factor of 1905299531?
False
Is 135 a factor of 88546844?
False
Is 37 a factor of 190339238?
False
Is 21 a factor of 4319805?
True
Does 165 divide 598619918?
False
Is 1489 a factor of 2337241857?
False
Does 106 divide 148972978?
False
Is 5 a factor of 46419790?
True
Is 290387735 a multiple of 26?
False
Is 66570498 a multiple of 419?
False
Does 19 divide 66660054?
False
Does 272 divide 134308432?
True
Is 259640892 a multiple of 7?
True
Is 43 a factor of 351151269?
False
Does 21 divide 18864090?
True
Is 10051871 a multiple of 1697?
False
Is 27576562 a multiple of 19?
True
Is 1201900680 a multiple of 324?
True
Is 535 a factor of 38397163?
False
Does 258 divide 125457311?
False
Does 19 divide 23382217?
True
Is 44265538 a multiple of 23?
False
Is 12 a factor of 890061?
False
Does 60 divide 441470520?
True
Is 47 a factor of 17231422?
True
Is 156 a factor of 148309747?
False
Is 67 a factor of 2485303494?
True
Is 85310812 a multiple of 1826?
False
Is 953 a factor of 19882004?
False
Does 303 divide 5970009?
True
Does 1813 divide 71444261?
False
Is 247 a factor of 58263039?
False
Does 432 divide 4529520?
True
Does 29 divide 21911762?
True
Is 12 a factor of 4550784?
True
Is 166 a factor of 211492134?
True
Is 338543501 a multiple of 19?
True
Is 1559180 a multiple of 7?
True
Is 63526820 a multiple of 406?
True
Does 2582 divide 974440?
False
Is 40 a factor of 193995584?
False
Is 4591 a factor of 3383988579?
False
Is 21 a factor of 10954797?
True
Is 36680296 a multiple of 433?
True
Is 12 a factor of 5857336145?
False
Is 41 a factor of 1067980628?
True
Is 3156780 a multiple of 22?
True
Is 311953464 a multiple of 576?
False
Does 277 divide 238647403?
False
Is 525 a factor of 1472625?
True
Does 263 divide 998770835?
False
Is 28400190 a multiple of 2678?
True
Is 83777313 a multiple of 74?
False
Is 109187083 a multiple of 4?
False
Is 55 a factor of 368574621?
False
Does 3899 divide 598464063?
False
Is 27479881 a multiple of 7096?
False
Is 590 a factor of 1614127818?
False
Is 8 a factor of 4563376?
True
Is 29221324 a multiple of 44?
True
Is 497 a factor of 469858830?
True
Is 20 a factor of 2978809500?
True
Is 1159762411 a multiple of 13?
False
Does 9 divide 155105707?
False
Is 3701 a factor of 1926000428?
False
Is 15 a factor of 68025666?
False
Does 1079 divide 44095704?
False
Does 13 divide 601559088?
True
Is 1150872327 a multiple of 2410?
False
Is 34273976 a multiple of 22?
True
Does 14 divide 16967258?
True
Is 76 a factor of 111512102?
False
Is 34 a factor of 58140448?
False
Is 1457140006 a multiple of 1022?
True
Is 175102169 a multiple of 85?
False
Does 1670 divide 394826899?
False
Is 68404203 a multiple of 2044?
False
Is 47266680 a multiple of 1140?
True
Is 11 a factor of 264723884?
False
Does 462 divide 574971936?
True
Is 596314536 a multiple of 1894?
True
Does 520 divide 5267660?
False
Is 166 a factor of 3590248?
True
Does 20 divide 146281659?
False
Is 20 a factor of 49313611?
False
Is 540 a factor of 344061540?
True
Does 15 divide 4049074350?
True
Does 76 divide 251764009?
False
Is 195 a factor of 527895302?
False
Does 499 divide 274443014?
True
Is 145540388 a multiple of 8?
False
Is 255827583 a multiple of 321?
False
Does 290 divide 13189243?
False
Does 122 divide 3123761?
False
Does 13 divide 1251523?
True
Is 26 a factor of 911416105?
False
Does 7 divide 3620078?
True
Is 33368790 a multiple of 210?
True
Is 97 a factor of 111229900?
True
Is 140 a factor of 13091731?
False
Is 22504870 a multiple of 250?
False
Does 5 divide 274296890?
True
Is 313874320 a multiple of 4?
True
Is 159 a factor of 1447754148?
True
Is 315673735 a multiple of 167?
False
Does 154 divide 17412137?
False
Is 68622212 a multiple of 208?
False
Is 69 a factor of 1617829338?
True
Is 49 a factor of 1760574615?
False
Is 1702 a factor of 1075203930?
False
Is 59791300 a multiple of 631?
False
Does 1752 divide 2103090306?
False
Is 86558000 a multiple of 400?
True
Does 319 divide 4401562?
True
Is 62 a factor of 209562933?
False
Is 131449400 a multiple of 1420?
True
Is 274293402 a multiple of 102?
True
Is 15 a factor of 5032146317?
False
Is 5 a factor of 5471563?
False
Does 9 divide 4217526?
True
Is 491 a factor of 2303200511?
False
Is 88 a factor of 1735108?
False
Does 29 divide 4862425096?
False
Is 561739600 a multiple of 14?
False
Is 35414341 a multiple of 39?
False
Does 172 divide 764516092?
True
Does 3014 divide 149700238?
False
Does 2336 divide 62534720?
True
Is 1417 a factor of 585642937?
False
Is 8 a factor of 618796311?
False
Is 27 a factor of 654957414?
True
Is 79 a factor of 77804809?
True
Is 299282958 a multiple of 549?
True
Is 950058797 a multiple of 15?
False
Is 313 a factor of 40364480?
True
Does 149 divide 143267225?
True
Is 360 a factor of 70570800?
True
Is 22797347 a multiple of 61?
True
Is 1514 a factor of 17373150?
True
Is 7363737 a multiple of 904?
False
Is 12055728 a multiple of 912?
True
Is 895972 a multiple of 42?
False
Does 20 divide 10214480?
True
Is 431 a factor of 1724078892?
False
Does 857 divide 152240051?
True
Is 13051463 a multiple of 16?
False
Is 2399957808 a multiple of 60?
False
Is 227 a factor of 3098242243?
False
Is 791 a factor of 706119093?
False
Does 32 divide 325173291?
False
Is 12254110 a multiple of 170?
True
Is 146883884 a multiple of 73?
True
Is 2037 a factor of 6421087858?
False
Is 92 a factor of 305869520?
False
Is 877 a factor of 562117535?
True
Is 9870030 a multiple of 153?
True
Does 170 divide 259179192?
False
Is 120031400 a multiple of 1424?
False
Is 217714280 a multiple of 28?
True
Is 622 a factor of 212766212?
False
Is 331 a factor of 6121610380?
False
Does 19 divide 186694860?
False
Is 199632582 a multiple of 8702?
True
Is 17313484 a multiple of 49?
False
Does 103 divide 32690758?
True
Is 43 a factor of 1674404?
False
Is 27444170 a multiple of 1331?
False
Is 28 a factor of 6630488?
False
Is 18 a factor of 77823450?
True
Is 33 a factor of 1107323670?
False
Does 31 divide 117336178?
True
Does 103 divide 395835489?
True
Is 41 a factor of 124594941?
True
Does 10 divide 828604170?
True
Is 1182143545 a multiple of 538?
False
Is 89 a factor of 73818244?
False
Is 461817776 a multiple of 14?
True
Is 1340155737 a multiple of 8?
False
Is 196 a factor of 1192375212?
True
Does 2558 divide 212931638?
False
Does 68 divide 104846305?
False
Is 7 a factor of 100662812?
False
Does 205 divide 6007525?
True
Is 1073229500 a multiple of 5975?
True
Does 14 divide 2329798330?
False
Is 6 a factor of 290104844?
False
Is 11467120 a multiple of 